 = b - 1. Let o(x) = x**2 - 8*x + 8. Let j(u) = -3*a(u) - o(u). Calculate j(c).
-5
Suppose 0 = -2*n - 6, 0 = 5*v - 7*n + 2*n - 5. Let u(f) = f - 8. Let d be u(5). Let j be v/d + 170/(-30). Let z(g) = g + 8. Give z(j).
3
Suppose -37*m + 42*m = 3*z - 62, 3*m + 41 = -2*z. Let n(w) = 7*w + 16. What is n(m)?
-75
Let j(d) be the first derivative of -3*d**2/2 - 9*d + 249. Determine j(-13).
30
Suppose -3*c - 5*z = 83, -21 = c - 0*z + 3*z. Let a be 48/c*6/4. Let i(x) = x**3 + 2*x**2 + x. Determine i(a).
-2
Let y be (-6)/(-8) - (-266)/(-152). Let l(b) = -b**2 + 2*b + 2. What is l(y)?
-1
Let g(m) = -m**3 + m**2 + m + 2. Suppose -1623 = -3*z - 2*i - i, 0 = 2*z - 2*i - 1062. Let x be (-2)/(-13) - (-5 + z/104). Give g(x).
2
Let y(w) be the second derivative of -w**3/3 + 178*w. Suppose -4*t + 8*t = 8. Calculate y(t).
-4
Let c(t) = 3*t + 5. Let z = -12 - -20. Suppose -1 + z = -g. Let d = 1 + g. Give c(d).
-13
Let d(w) = w**3 - 2*w**2 - w + 2. Let p be d(0). Let s(o) = -2*o**3 - o + p*o**3 + 12*o**2 + o**3 - 9. Calculate s(-12).
3
Let w(n) = -4*n**2. Suppose -c + 0*c + 84 = 3*y, 4*y - 104 = -4*c. Let l = y + -30. Calculate w(l).
-4
Let g(q) = -4*q**2 + q. Let p be g(1). Suppose 6 = -d + 4*y + 23, 5*d = -3*y + 131. Let b(o) = d + 21 - 2*o - 45. Give b(p).
7
Suppose -2*m + 10 = -12. Let b(q) be the first derivative of -5*q**2/2 + q + 16. Let p(s) = 14*s - 2. Let i(o) = m*b(o) + 4*p(o). What is i(0)?
3
Let c(n) = -n**3 - 6*n**2 + 8*n + 6. Let z be (2 + -1)*(3 - 10). Give c(z).
-1
Let d = 941 - 937. Let u(m) = -5*m**2 - 8*m + 8. Let g(b) = 2*b**2 + 4*b - 4. Let h(k) = 7*g(k) + 3*u(k). Determine h(d).
-4
Let s(d) = -d - 4. Suppose 0 = -4*f - 24 - 8. Let j be (8/6)/(15/(-45)). Let m = f - j. Give s(m).
0
Let l(m) be the first derivative of 8*m + 7 + 1/6*m**3 + 1/12*m**4 + 9/2*m**2. Let v(u) be the first derivative of l(u). Determine v(0).
9
Suppose 33*n - 382 = 311. Let l(o) = o**3 - 20*o**2 - 19*o - 42. What is l(n)?
0
Let v be 75/18 - 5/30. Let a(n) = 3*n**3 + 3*n**2 - 1 - 7*n**3 + 4*n**3 - n - n**3. Calculate a(v).
-21
Suppose 0 = -7*g + g. Let b = 4 + g. Let h(q) = -2*q - 4 + b*q + 0*q - 3*q. Determine h(-3).
-1
Let i(d) = -d + 7. Let z(x) = -19*x + 186. Let v(c) = 4*c - 37. Let t(q) = -11*v(q) - 2*z(q). Let w(a) = -11*i(a) + 2*t(a). Give w(6).
-13
Let k = -1384 + 1390. Let g(r) = 3*r - 6. What is g(k)?
12
Let l(o) = -o**3 + 3*o**2 + 2*o. Let f(c) = -2*c**3 + 10*c**2 + 2*c - 4. Let j(x) = -f(x) + 3*l(x). Calculate j(-1).
0
Let y be 203/(-28) + (-2)/(-8). Let l = 9 + y. Let v(r) = l*r + r**3 + 0*r + 3*r + 2*r + 7*r**2 - 5. Give v(-6).
-11
Let o be 42/(-56) - 34/8. Let r be (-29)/o - 4/(-20). Let m(s) = -7 + s**3 + r*s**2 - 6*s - 2*s**3 + 12. What is m(5)?
0
Let z(y) = -3*y - 1. Let w(h) = -10*h - 3. Let n(b) = 2*w(b) - 7*z(b). Determine n(3).
4
Let l(d) be the third derivative of -d**6/120 + 7*d**5/30 - 5*d**4/8 + 4*d**3/3 - 35*d**2. Determine l(13).
-18
Suppose 71*a = 72*a. Let p(x) be the second derivative of 0 + x + 1/12*x**4 + 1/6*x**3 + a*x**2 + 9/20*x**5. What is p(-1)?
-9
Let y(d) = -d**3 - 5*d**2 - d - 5. Suppose -2*g = 6*j - 2*j + 28, 5*j + 3*g + 37 = 0. What is y(j)?
0
Let c(i) be the second derivative of -i**3/2 - 2*i - 74. Give c(-5).
15
Let j(a) = 126*a - 503. Let v be j(4). Let m(f) = -f**2 + 2*f**2 + 4*f**2 - 1. Give m(v).
4
Let v(j) = 1. Let t(g) = -g**3 + 3*g**2 + 5. Let q(i) = i**2. Let l(a) = 3*q(a) - t(a). Let f(u) = 2*l(u) + 10*v(u). What is f(1)?
2
Let n(u) = 19*u - 506. Let h be n(27). Let c(p) = -p**3 + 8*p**2 - 3*p - 5. Give c(h).
23
Let p be (-15 - -14)/(1/(-5)). Let j(o) = 30 - 55 + 24 - o + p*o**2. Calculate j(-1).
5
Let o(a) = 5 + 4 - 3 - 1 - 11*a. Determine o(-4).
49
Let d(t) = t + 4. Let o be 2*(-4 + (-13)/(-2)). Suppose 9 = -c - 3*b, -o*c + 3*b - 17 = 4*b. Calculate d(c).
1
Suppose 3 = k + 6. Suppose -t + 5 = -0*t. Let o(a) = 0 + t - 4 - a. What is o(k)?
4
Let w be (20/(-25))/((-10)/(-150)). Let y(n) = -n**3 - 12*n**2 - n - 10. What is y(w)?
2
Let v = -581 - -583. Let l(p) = 15*p. Suppose 0 = -3*z + 7*z - 8. Let j(d) = 3*d. Let c(b) = z*l(b) - 11*j(b). What is c(v)?
-6
Suppose 0 = 17*m - 1 - 16. Let f(t) = 41*t**2 - t. What is f(m)?
40
Let y(v) be the second derivative of 3*v**3/2 + 5*v**2 - 37*v. What is y(-7)?
-53
Let w(g) = -117 + 4*g - 47*g**3 + 48*g**3 + 3*g**2 + 118. What is w(-3)?
-11
Let y(z) = z**3 + 13*z**2 - 13*z - 4. Let r be 68/(-5) + 78/(-195). Give y(r).
-18
Let h be -3 + 3/1 - -9. Let v = h + -4. Suppose 4*j = -v - 3. Let w(f) = -f**3 + 2*f. Calculate w(j).
4
Let o be -3 + 23/7 + 20/28. Let i be (-2)/(-7) + 2/(-7). Let a(y) = -y + i - 1 - 3*y. Determine a(o).
-5
Suppose -8*b + 10 = -3*n - 3*b, 4 = -4*n + 2*b. Let k(h) = 7*h**2 - 2*h - 15. Let j(p) = -10*p**2 + 3*p + 23. Let z(x) = -5*j(x) - 7*k(x). What is z(n)?
-10
Let v(a) = 389*a + 18 - 388*a - 19 + 5*a**2. Calculate v(1).
5
Let s(t) = 3*t**2 - 5*t + 8. Let r(y) = 5*y**2 - 6*y + 10. Let j(i) = -3*r(i) + 4*s(i). Give j(-2).
-6
Let m(z) = -z**3 + 2*z**2 - z + 3. Let g be 62/2*(-1)/2*-2. Let y = g + -28. Calculate m(y).
-9
Suppose -4*i + 5*i + 12 = -3*x, -3*i + 19 = -2*x. Let y(t) = -t**2 + 6*t - 4. Let m be y(3). Let a(n) = 2 - 3 + n**3 - 1 + m*n**2. What is a(x)?
-2
Let a(i) be the first derivative of -5*i**2/2 + 8*i - 109. Determine a(-3).
23
Suppose 21 = g + 4*g - 4*r, -g - 2*r + 7 = 0. Let t(h) = h + 59. Let i be t(-24). Let u(n) = -3 - i*n**3 + 34*n**3 + 5*n - 5*n - 4*n - g*n**2. Calculate u(-4).
-3
Let i = 52 + -24. Suppose -o = -4*d + 21, -3*o - i = -5*d - 0*d. Let n(u) = 5*u + 16. Let w(s) = -4*s - 15. Let m(x) = -5*n(x) - 6*w(x). What is m(d)?
5
Let i(c) = 3*c**2 - c. Let b(f) = 2*f**2 - 7*f + 6. Let y(j) = -b(j) + i(j). Calculate y(-6).
-6
Let s(a) be the second derivative of a**5/20 - a**4/3 - a**3/2 - 9*a**2/2 - 2*a + 466. Calculate s(4).
-21
Let f(o) = -o**2 + 68 + 60 - 12*o - 129. Determine f(-7).
34
Let f(d) = 6*d + 1. Let b(n) = -22*n + 1. Let v(p) = -3*b(p) - 12*f(p). Give v(-6).
21
Suppose 0 = 37*j + 92 + 93. Let m(d) = -17*d - 4. Give m(j).
81
Let m(q) = 3*q**2 - 10*q. Let j(s) = -4*s**2 + 11*s. Let n(r) = 2*j(r) + 3*m(r). Let i be 5*-7*(-5)/25. What is n(i)?
-7
Let h be (-80)/(-18) - 12/27. Let g(s) = s**2 - 6*s + 4. Calculate g(h).
-4
Let s(l) be the second derivative of 7*l**3/3 - l**2 - 117*l - 1. Determine s(2).
26
Suppose -5*n - 2 = -t + 9, 3*t - 7 = 2*n. Let v(d) = -2*d + 2. Determine v(n).
6
Let z(m) be the first derivative of m**4/4 - 2*m**3 + m**2/2 - 2*m + 1. Suppose 3*c = -3*c + 12. Suppose -5*h + c*v = -40, 3*h + v + 17 = 5*h. Determine z(h).
4
Let j(t) = 2*t**2 - 6*t + 9. Let s be j(2). Let k(z) be the first derivative of s*z + 1/2*z**2 + 1. Give k(0).
5
Suppose 7 - 1 = 3*h. Suppose -a + 9 = h*a. Let k(n) = n**3 - 6*n**2 + n + 1. Let w(p) = -p. Let u(c) = a*w(c) - k(c). What is u(5)?
4
Let g(c) = -2*c + 21 - 42 + 27 - c. Give g(6).
-12
Let j(w) = w + 27. Let s(i) = -106*i - 433. Let r be s(-4). Give j(r).
18
Let m(n) = 4*n + 49 - 50 - 5*n. Let a = 20 + -20. Let z be a*(-1)/(-4)*-2. What is m(z)?
-1
Let q(p) be the third derivative of p**6/120 + p**5/15 - p**4/4 - 2*p**3 - 2*p**2 + 48. Calculate q(-5).
-7
Let j = -3280 - -3269. Let d(z) = -2*z - 19. Give d(j).
3
Let b(i) = -5*i**2 + 4*i + 7. Let o(q) = -3*q**2 + 2*q + 7. Let p(a) = -2*b(a) + 3*o(a). Determine p(7).
42
Let w(s) = s**3 + 4*s**2 - 2*s + 1. Suppose -2*b - 14*y + 18*y - 30 = 0, -3*b - 5*y + 10 = 0. Give w(b).
-14
Let v(q) = -q - 2. Let g = 117 - 109. Let o(h) = 2*h**2 - 14*h - 17. Let f be o(g). Give v(f).
-1
Let b = -234 - -227. Let i(w) = -5*w - 11. What is i(b)?
24
Let c(x) = 296*x**2 - 5*x - 150*x**2 + 0*x + 2*x**3 - 142*x**2 - 3. Determine c(-3).
-6
Let i = -46 + 39. Let n(y) = 2*y - 6. Give n(i).
-20
Let k(m) = -2*m**2 - 4*m + 5. Let x(z) = 2*z**3 + 17*z**2 - 29*z + 12. Let w be x(-10). What is k(w)?
-11
Let x = 1385/12 - 346/3. Let v(h) be the second derivative of x*h**4 + 1/6*h**3 - 3*h + 0 - 3/2*h**2. Calculate v(0).
-3
Let y(c) be the first derivative of c**4/4 + 7*c**3/3 - 9*c**2/2 - 15*c - 93. Calculate y(-8).
-7
Let s be 9/(-11) + 2/(-11). Let p(a) = a**3 + a**2 + a + 1. Let u be p(s). Let n(q) = 4 - 130*q - 6 + 131*q. Give n(u).
-2
Let k(b) = -2*b + 7. Suppose 11*u + 130 - 240 = 0. Determine k(u).
-13
Let h(s) be the second derivative of 3*s**2 - 1/6*s*